.
464265
Convert -20bb3 (base 16) to base 10.
-134067
-51421410 (base 6) to base 13
-3caa9a
What is 122202010 (base 3) in base 2?
11001010001000
What is -345554 (base 8) in base 2?
-11100101101101100
Convert 545314 (base 11) to base 2.
11010100100111000100
What is 10321123033 (base 4) in base 3?
2102020000211
What is -61878 (base 12) in base 2?
-11111000110011100
What is -1650204 (base 8) in base 6?
-14135140
-1844570 (base 10) to base 15
-266815
What is -202200221010100 (base 3) in base 15?
-e74a39
Convert 104310 (base 9) to base 11.
42821
-11120440 (base 5) to base 4
-113333011
Convert -3594096 (base 10) to base 12.
-1253b00
What is -1270754 (base 9) in base 6?
-22530334
Convert 2176 (base 9) to base 2.
11001001000
What is -23253 (base 9) in base 7?
-63150
What is 538306 (base 10) in base 12?
21b62a
Convert -2212002001012 (base 3) to base 8.
-5623031
Convert -10000011111100111001 (base 2) to base 13.
-15c00b
491880 (base 12) to base 9
2205366
-3323424 (base 5) to base 9
-87482
-20000100200112 (base 3) to base 8
-14141473
What is -31ffb9 (base 16) in base 9?
-6143740
-1b3833 (base 13) to base 7
-5615501
Convert -1123354 (base 7) to base 14.
-3929b
1143151 (base 6) to base 2
1110101110101011
-112013213303 (base 4) to base 7
-100166630
What is -1ed01 (base 15) in base 14?
-28a41
Convert -14011 (base 9) to base 11.
-7145
What is 21222303223 (base 4) in base 12?
a22977
Convert 1851365 (base 9) to base 8.
3752545
133223202 (base 4) to base 8
375342
Convert 10120022021 (base 3) to base 13.
25c57
200232 (base 4) to base 16
82e
513d (base 15) to base 2
100001100000110
Convert -1305c1 (base 15) to base 10.
-912556
Convert -76725 (base 12) to base 10.
-156557
366220 (base 10) to base 8
1313214
Convert 3144422 (base 5) to base 14.
154da
What is 50ad (base 16) in base 6?
235341
What is 11202223 (base 4) in base 15?
6ad4
Convert -3003212 (base 6) to base 5.
-14000241
What is -46686 (base 10) in base 16?
-b65e
What is -21011021002 (base 3) in base 11?
-96940
What is 373010 (base 8) in base 16?
1f608
What is -741218 (base 9) in base 12?
-192abb
What is 8774a (base 15) in base 16?
690be
What is 102547 (base 9) in base 16?
ee1b
111111111000001011011 (base 2) to base 4
13333001123
-67098 (base 13) to base 7
-1405545
Convert -5770516 (base 8) to base 12.
-638066
Convert -1105503423 (base 6) to base 11.
-6877588
Convert 30032113001 (base 4) to base 16.
30e5c1
-10010202120 (base 3) to base 5
-3434131
-760881 (base 11) to base 3
-2021210101200
545441300 (base 6) to base 8
45254504
223202012130 (base 4) to base 6
1044332420
8529 (base 12) to base 11
aa52
What is 10100110011001011100 (base 2) in base 9?
1247833
Convert 62895 (base 16) to base 15.
7e8c0
Convert 1466242 (base 7) to base 10.
201469
111000001110 (base 2) to base 14
1450
What is 5105501 (base 6) in base 15?
4bbe7
-1913876 (base 10) to base 15
-27c11b
23000330 (base 4) to base 13
176c6
1313323100 (base 4) to base 15
9a82b
What is 58ba2 (base 13) in base 9?
266653
103230022331 (base 4) to base 9
10636418
Convert 30214 (base 6) to base 15.
129a
What is -1a7d4f (base 16) in base 2?
-110100111110101001111
What is 203023213300 (base 4) in base 2?
100011001011100111110000
Convert 234314242 (base 5) to base 15.
16789c
Convert -7cd307 (base 14) to base 16.
-41088b
What is 13013032332 (base 4) in base 11?
1063a26
What is 124235205 (base 6) in base 10?
2446709
What is -100010110101001100010110 (base 2) in base 13?
-1b79033
What is -25725167 (base 8) in base 7?
-66556030
What is 120132111 (base 4) in base 15?
1ea80
Convert -1730428 (base 9) to base 2.
-11101011100011010001
Convert -5851980 (base 11) to base 16.
-9bf966
What is -235040 (base 16) in base 3?
-11100120121222
-100111100022 (base 3) to base 10
-186875
What is 89911 (base 13) in base 9?
420581
What is 23002333330 (base 4) in base 3?
12110010101101
What is 595081 (base 10) in base 8?
2212211
Convert -110175 (base 10) to base 7.
-636132
-1806062 (base 10) to base 6
-102413222
Convert 1cad97 (base 16) to base 4.
13022312113
Convert -11211010121 (base 3) to base 10.
-94867
What is 62e0b (base 15) in base 8?
1144475
What is 1120101121221 (base 3) in base 9?
1511557
What is -102111022012 (base 3) in base 4?
-313032203
152030250 (base 6) to base 7
36000135
What is 12201413 (base 5) in base 4?
130102102
Convert 403335 (base 12) to base 5.
224012420
-640521 (base 8) to base 16
-34151
-101110010011100 (base 2) to base 12
-11878
What is 22231654 (base 8) in base 9?
10021655
-164661 (base 9) to base 10
-101872
What is -36aa14 (base 11) in base 7?
-4656045
-31bd (base 15) to base 7
-42460
Convert 11685b2 (base 13) to base 14.
a037d8
-3606272 (base 8) to base 16
-f0cba
Convert 175580 (base 9) to base 8.
325052
What is 120022101010 (base 3) in base 2?
1001001100100100110
-7e0b0a (base 15) to base 6
-333102044
What is 18b8b (base 15) in base 16?
13967
-6215452 (base 7) to base 11
-468964
What is 42076 (base 9) in base 10?
27771
Convert -65355 (base 13) to base 7.
-1361214
What is -71c (base 13) in base 2?
-10010111000
What is 1021122210002 (base 3) in base 2?
10100110100011001000
Convert 111110100000000111010 (base 2) to base 12.
829276
What is -10100000010100100001 (base 2) in base 15?
-ce883
What is -3309806 (base 11) in base 12?
-1b42885
What is -1626606 (base 8) in base 2?
-1110010110110000110
What is 2132326 (base 9) in base 14?
21a951
Convert -23008087 (base 9) to base 7.
-163624303
Convert -341144331 (base 5) to base 10.
-1506216
Convert -24a5 (base 12) to base 6.
-31125
Convert 9a07a (base 13) to base 8.
1041120
261bb (base 13) to base 11
49077
What is -630104 (base 7) in base 13?
-3a283
-341417 (base 9) to base 11
-12a683
What is -590402 (base 11) in base 16?
-e4e26
1550589 (base 10) to base 2
101111010100011111101
Convert 1011111111001100 (base 2) to base 7.
263102
Convert 203443200 (base 5) to base 9.
1525117
Convert -4115104 (base 6) to base 13.
-6b779
-46646 (base 10) to base 15
-dc4b
What is -16394801 (base 10) in base 6?
-1343221505
What is -3013201021 (base 4) in base 12?
-334b21
Convert -156863 (base 9) to base 12.
-48119
What is -201240433 (base 5) in base 6?
-25134143
-82801 (base 9) to base 5
-3221340
1eca3 (base 15) to base 9
163150
-111111110001010101011 (base 2) to base 4
-13332022223
-300204011 (base 5) to base 3
-2012212210000
-115c460 (base 13) to base 14
-9da3c5
What is 38b65 (base 12) in base 13?
29495
What is 1100010001100100010 (base 2) in base 11?
255206
What is 548055 (base 11) in base 4?
3111200133
What is -332024 (base 7) in base 12?
-29908
Convert -50011050 (base 6) to base 10.
-1401222
What is -113a71 (base 15) in base 6?
-25343441
What is -26a0329 (base 11) in base 8?
-21606150
What is -4144949 (base 10) in base 8?
-17637465
What is 1101000101001110 (base 2) in base 3?
2201111112
Convert -2021220301 (base 4) to base 2.
-10001001101000110001
22051 (base 11) to base 12
16628
What is -37283 (base 10) in base 8?
-110643
Convert -251278 (base 9) to base 11.
-a410a
What is 3113325 (base 6) in base 10?
149813
What is -1971289 (base 10) in base 5?
-1001040124
2140135 (base 6) to base 3
12101212012
What is a0557 (base 12) in base 2?
110010110100010011
-12002202101112 (base 3) to base 12
-aa914b
-1cc601 (base 13) to base 12
-2b9078
Convert -2014344 (base 5) to base 2.
-111111011011010
-75673 (base 16) to base 2
-1110101011001110011
What is -288b1 (base 12) in base 11?
-39568
What is -16026c (base 13) in base 3?
-1000120222100
1010563 (base 9) to base 5
114212324
3459247 (base 10) to base 8
15144257
Convert -21034 (base 6) to base 16.
-b0e
Convert -32067 (base 14) to base 2.
-11101011111111011
What is 6501314 (base 7) in base 10?
790430
Convert 223124220 (base 6) to base 13.
ac691a
Convert -4137425 (base 8) to base 15.
-16a2b3
What is 25105530 (base 6) in base 10?
802206
Convert -5320166 (base 7) to base 8.
-2350755
What is -57eb64 (base 16) in base 2?
-10101111110101101100100
Convert 316256 (base 7) to base 16.
d6eb
Convert -1483f (base 16) to base 15.
-19d71
What is 2673799 (base 10) in base 15?
37c384
Convert 430002 (base 7) to base 10.
74433
-998e5 (base 15) to base 16
-7724f
Convert -203302302 (base 5) to base 7.
-10056434
What is -20052255 (base 6) in base 12?
-23408b
1111050112 (base 6) to base 14
186a1c0
-1515b5 (base 16) to base 12
